+ 3*q. Let b be c(11). Is x(b) a composite number?
False
Let f = -277673 - -190604. Is f/(-27) - -2 - (-6)/27 composite?
True
Let s(v) = 2*v**3 + 74*v**2 - 43*v - 23. Is s(-36) a prime number?
False
Suppose 46*l - 142875 = 94991. Is l prime?
True
Let o(c) = -565*c**2 + 6*c + 1. Let x be o(3). Let r = x - -7569. Is r composite?
False
Suppose 55*q = 51*q + 4*i + 37848, -5*q + i + 47326 = 0. Is q a composite number?
True
Let k be -12*((-28)/12 - 0). Let x = -17 + k. Is x*(5 + (-8)/(-4)) a prime number?
False
Let w = 10178 - -29303. Is w a prime number?
False
Let h(s) be the first derivative of s + 117/2*s**2 + 2. Is h(1) prime?
False
Suppose 0 = 19*i - 24*i + 5*m + 22985, -2*i + 9194 = 4*m. Is i a composite number?
False
Suppose -72 = -4*a + 24. Suppose -5*n = 4*t + 29, 4*t + a = -3*n - 3. Let d(z) = z**3 + 9*z**2 + 3*z - 1. Is d(t) composite?
False
Suppose 6*d - 54413 - 138625 = 0. Is d a prime number?
True
Let h = -18 - -64. Suppose -4*j - h = -690. Is j prime?
False
Suppose 2*g - 17851 - 11766 = -5*c, -3*g = -5*c + 29612. Is c a composite number?
False
Suppose 5*j - 42 + 12 = 0. Suppose 217 = 2*u + 11. Let w = u - j. Is w composite?
False
Let c = -3 + 7. Suppose -1 = -b, 2*l - c*l = -5*b + 3. Is 0 + (36 - (l + -4)) composite?
True
Suppose 1089085 = -35*o + 102*o. Is o a prime number?
False
Suppose -10*d + 5*d = -5. Let z(p) = -3*p**2 + p - 1. Let n be z(d). Let r(x) = -27*x + 1. Is r(n) composite?
True
Suppose 2 = v - 0*v. Suppose 2*i + v*c - 118 = 0, 3*i + 4*c = 3*c + 175. Let d = i - 24. Is d a prime number?
False
Suppose 7306 = 6*n - 11516. Is n composite?
False
Suppose -c - 3352 = c - 4*j, -3*c = 3*j + 5010. Let q be (2 + -1)*c/(-8). Suppose -2*b + b = 3*v - q, 0 = 3*b - 3*v - 603. Is b prime?
False
Is (-13437)/(-6) + 3/(-18)*15 a composite number?
False
Let k = 23 + -17. Suppose u = -k*u + 5747. Is u composite?
False
Suppose 313 = 3*l - 200. Let m = l - 29. Is m composite?
True
Let s(g) = 640*g - 61. Is s(6) a prime number?
True
Suppose -15*y - 3*l + 137768 = -10*y, -4*l - 110208 = -4*y. Is y a prime number?
False
Suppose 7*m = 3*m - 5*t + 11, 4*m + 4*t = 16. Suppose m*n + 0*n = 7353. Is n a prime number?
False
Suppose -d - 4 = 2*m + 5, -d + 3 = -m. Let n = -110 + 102. Is -182*(0 - m/n) prime?
False
Suppose -93065 = -739*z + 732*z. Is z composite?
True
Let z(a) = -13*a**2 + 4*a + 2. Let c(p) = 6*p**2 - 2*p - 1. Let o(q) = 9*c(q) + 4*z(q). Let r be o(-1). Suppose -174 = -r*l + 39. Is l a prime number?
True
Let c be 1/((3/3)/(-5)). Let v(o) = -6*o**3 - 4*o**2 + 13*o - 4. Is v(c) a composite number?
True
Let a(r) = -r**3 - 9*r**2 - 14*r + 5. Let v be a(-7). Let g be (-8466)/(-22) - (-2)/11. Suppose -v*l = 2*l - g. Is l a prime number?
False
Let l be (1 - 3) + 5 + 1. Suppose -2985 = -l*g - 5*d, 1297 + 1687 = 4*g + 4*d. Is g a prime number?
False
Suppose 3495 = -4*y + 8815. Suppose -3*o + y = 445. Is o a prime number?
False
Suppose 5*v - 3*d - 445 = 0, v - d - 97 = -8. Let k(s) = -s**2 + 16*s + 5. Let n be k(11). Let u = n + v. Is u a prime number?
True
Suppose f + 0*j - 3*j = -1, -35 = -5*f - 5*j. Is 4/6 - (25796/(-6) + f) prime?
False
Let h(t) = -1355*t - 322. Is h(-19) composite?
False
Let w = 111 + -109. Suppose -w*a = -8*a + 5514. Is a prime?
True
Suppose l + 4*i = 656 - 65, 4*i + 2464 = 4*l. Is l prime?
False
Let z(u) be the first derivative of -4*u**2 + u - 1. Let k be 14/(-63) + 52/(-9) + 2. Is z(k) a composite number?
True
Suppose -4*y - 2*r = -32150, 2*y = 4*y - 2*r - 16084. Is y a prime number?
True
Suppose -1227*j + 24362 = -1225*j. Is j a prime number?
False
Let c = 63898 - 41595. Is c a prime number?
True
Let q(k) = 2*k**3 + 6*k**2 - 4*k - 1. Let r = 6 - 2. Let c be q(r). Let b = 352 - c. Is b prime?
False
Let s = 354 - 502. Let l = s + 209. Let j = 354 - l. Is j composite?
False
Let a(j) = -j**3 - 30*j**2 + 76*j + 37. Is a(-36) a composite number?
False
Suppose -236 = 17*m - 21*m. Is m a composite number?
False
Let d(j) = 6*j**3 + j**2 - 2*j + 1. Let o be d(1). Suppose -2*f = o*f - 3272. Is f prime?
True
Suppose -25*z + 220736 = -263889. Is z a prime number?
False
Suppose 9 = -s - 4*c, 0 = s + 3*c - 4 + 13. Let v(i) = -2*i**3 + 7*i**2 - 11*i + 13. Is v(s) prime?
True
Let c = 4 + -1. Suppose 0 = 4*y + 6*j - c*j - 1544, -397 = -y + 2*j. Is y a prime number?
True
Let h(n) = n**2 + 11*n. Let t be h(-11). Suppose -401 = -f - q, t = 4*f + 2*q - 625 - 979. Is f a composite number?
False
Suppose -5*j = 21 - 1. Let a(o) = -2 + 8 - 11*o + 3. Is a(j) composite?
False
Suppose -3*m + w = 2*m + 27, 2*w + 30 = -4*m. Let p be m*(-2)/6 - 1606. Let f = -1125 - p. Is f prime?
True
Suppose 20 - 4 = -4*z, 2*z + 864 = -s. Let k = s + -279. Let p = -356 - k. Is p a prime number?
False
Let a = 201 + -185. Let m = -1 + 4. Suppose -g = -a - m. Is g composite?
False
Is -5*(2/3 - 437288/120) a prime number?
True
Let d be ((-742)/(-4))/(2/8). Let g(w) = 6*w - 30. Let f be g(5). Suppose f*c - 2*c = -d. Is c composite?
True
Let h(a) = -9*a**3 + a**2 - 7*a + 33. Is h(-7) composite?
True
Is (1/(-3))/(2/(-2238)) composite?
False
Let m be -2*3/(-6) - -2. Suppose -471 = -0*u - m*u. Is u a composite number?
False
Suppose -101780 = -5*i + 283665. Is i prime?
False
Let p(a) = 20*a - 14. Suppose 15 = 3*d - 15. Let s be p(d). Let k = s - 25. Is k a prime number?
False
Suppose 664 - 10529 = -5*j. Is j a prime number?
True
Let i(p) = 113*p - 22. Is i(43) prime?
False
Let r(f) be the third derivative of -157*f**5/12 + 2*f**3/3 + 3*f**2. Let j(l) = 262*l**2 - 1. Let t(i) = 7*j(i) + 2*r(i). Is t(-1) a prime number?
False
Let o = 7277 + 4244. Is o prime?
False
Is (1658 - 0) + (-21)/21 a prime number?
True
Suppose 310*p = 303*p + 45941. Is p a prime number?
True
Suppose -3*l + 2*f = 2*l - 79274, 3*f + 47568 = 3*l. Is l composite?
True
Let b = -8299 + 55430. Is b a composite number?
True
Let b(i) be the first derivative of -5*i**4/6 - i**3 + 2*i**2 + 4. Let a(n) be the second derivative of b(n). Is a(-10) composite?
True
Suppose 192 = -0*s + 3*s. Suppose 0*q = -2*q - s. Let f = q + 51. Is f a prime number?
True
Let u(p) = -2*p + 21 - 23 - 3*p - p**2 - p**3. Suppose d + 25 = -4*d. Is u(d) a prime number?
False
Let s(p) = 634*p**3 + 9*p**2 - 14*p + 42. Is s(7) a prime number?
False
Let r(n) = -n**3 + 7*n - 3*n**2 - 2*n**2 - 2 - n + 6. Let d be r(-6). Suppose 0 = 4*f - v - 2686, 0*f + d*v = 2*f - 1350. Is f a composite number?
True
Let g = 112 + -45. Let q = g + 38. Suppose -2*w = t - 175, -2*w = -3*w - 4*t + q. Is w prime?
False
Let c(r) = -127*r - 13. Let i(q) = q**2 + 5*q - 20. Let y be i(-7). Is c(y) a composite number?
True
Suppose 0 = u - 18 + 2. Let t = u - -11. Suppose 29*x = t*x + 538. Is x composite?
False
Let m(n) = 208*n**2 + 190*n - 7. Is m(5) prime?
True
Suppose s = -2*u, -3*s + 2*s = 5*u. Suppose 10*c - 12*c + 1070 = u. Is c prime?
False
Let j be 1 + 3/(-9)*-9. Suppose j*d - 5*y + 1 = 6, 4*d - 3 = 3*y. Suppose -2*t + 15 + 37 = d. Is t a prime number?
False
Is (5 - 156/36)*18741/2 prime?
True
Let o be 4 + (-8)/(-24) + 10/6. Suppose -o*f + 5*f = -1231. Is f a composite number?
False
Suppose 0 = -5*p + 3*z + 81107, -3031 = -p + 5*z + 13186. Is p a composite number?
True
Suppose -2 = 5*r - 7. Let u be (r - 5)/(6 - 4). Is 450/9 + (-2)/u a composite number?
True
Let c be 1 + 3 + (7 - -94). Suppose -525 = -5*q + 3*u, 4*q - 3*q = -2*u + c. Let n = q + -62. Is n prime?
True
Let a(n) = 8*n**2 - 5*n - 12. Let h be a(7). Let g = 902 - h. Is g prime?
True
Suppose 259361 = 25*a - 238464. Is a composite?
False
Let b(s) = -139*s + 3. Let l(v) = 37*v + 100*v - 4 + v. Let f(r) = 5*b(r) + 4*l(r). Is f(-1) composite?
True
Let g(q) = -820*q - 39. Is g(-17) prime?
True
Let o be 6/7*(10 + -3). Suppose -m + b = -223, -4*m = -o*b + b - 894. Is m prime?
False
Let a = -7 + 11. Suppose -2*z + 6 + a = 0. Suppose -182 - 83 = -z*x. Is x a prime number?
True
Suppose -5*r = -6519 - 2986. Is r prime?
True
Let o(w) = -4*w**2 - 6*w - 14. Let r be o(8). Let p = r + 583. Is p a prime number?
False
Let v = 21 + -17. Let g(b) = -13*b**2 - 3*b - 18. Let d(p) = -6*p**2 - p - 9. Let s(u) = v*g(u) - 9*d(u). Is s(-4) a composite number?
False
Suppose -3*x + 46161 = 5*i - 2*i, 4*x - 4*i - 61580 = 0. Is x prime?
True
Suppose -3*q - 2*q - s + 7972 = 0, -4*q + 3*s = -6370. Is q composite?
True
Suppose -3*w -